{"id":63,"date":"2023-01-09T04:54:32","date_gmt":"2023-01-09T04:54:32","guid":{"rendered":"https:\/\/leydemoises.org\/fe\/?page_id=63"},"modified":"2023-01-09T04:54:32","modified_gmt":"2023-01-09T04:54:32","slug":"3-el-rechazo-de-israel-a-jesus-los-dejo-sin-rey","status":"publish","type":"page","link":"https:\/\/www.judaismocaraita.org\/troki\/3-el-rechazo-de-israel-a-jesus-los-dejo-sin-rey\/","title":{"rendered":"3. \u00bfEl rechazo de Israel a Jes\u00fas los dej\u00f3 sin rey?"},"content":{"rendered":"<p class=\"CDt4Ke zfr3Q\" dir=\"ltr\">Un miembro de la Iglesia griega, una vez se dirigi\u00f3 a m\u00ed con las siguientes palabras: &#8211; &#8220;\u00bfSabes por qu\u00e9 ya no tienes un rey de tu propio pueblo? Es porque has rechazado la fe de Jesucristo y Su reino, porque \u00c9l era el rey de Israel. Por este motivo, el imperio de Israel ha sido destruido&#8221;.<\/p>\n<p class=\"CDt4Ke zfr3Q\" dir=\"ltr\">Contest\u00e9 a \u00e9l: &#8220;Es conocido, y evidente por las palabras de los profetas, que a consecuencia de nuestras m\u00faltiples iniquidades, nuestro reino fue destruido en el tiempo de Nabucodonosor, cuando este rey llev\u00f3 cautivo a Babilonia a Sedequ\u00edas, rey de Jud\u00e1.<\/p>\n<p class=\"CDt4Ke zfr3Q\" dir=\"ltr\">&#8220;Este evento tuvo lugar m\u00e1s de cuatrocientos a\u00f1os antes de la existencia de Jes\u00fas. Los jud\u00edos fueron entonces sucesivamente s\u00fabditos de los babilonios, los medos y los griegos. Mucho antes del nacimiento de Jes\u00fas, los romanos nos hab\u00edan mantenido en servidumbre, lo que se demuestra en su Evangelio, en Lucas 3:1, &#8216;En el a\u00f1o decimoquinto de Tiberio C\u00e9sar, Poncio Pilato siendo gobernador de Judea,&#8217; etc. Ver tambi\u00e9n Juan 19:15 Pilato les dijo: \u00bfCrucificar\u00e9 a vuestro rey? Los principales sacerdotes respondieron: No tenemos m\u00e1s rey que el C\u00e9sar. Ahora, en cuanto a la atribuci\u00f3n a Jes\u00fas del gobierno de Israel, no sabemos qui\u00e9n lo hizo rey y d\u00f3nde gobern\u00f3 sobre Israel. Ustedes, miembros de la Iglesia griega, fueron los primeros en reconocer el cristianismo en el reino de su Mes\u00edas, y a\u00fan contin\u00faan en su fe en \u00c9l; y, sin embargo, su gobierno ha sido destruido, y ya no tienen un rey de su propio pueblo: porque un gobernante musulm\u00e1n, el sult\u00e1n turco, que ahora est\u00e1 en posesi\u00f3n de Tierra Santa, extiende su dominio sobre Grecia&#8221;.<\/p>\n<p class=\"CDt4Ke zfr3Q\" dir=\"ltr\">Hay muchos otros estados cristianos que anteriormente eligieron a sus propios reyes y ahora est\u00e1n sujetos al poder otomano. Por otro lado, se ve a los mahometanos no solo no creyendo en las doctrinas de Jes\u00fas, sino que incluso persiguen sin piedad a los seguidores de su fe, y a pesar de esto, el imperio de los turcos disfruta de una prosperidad inalterada.<\/p>\n","protected":false},"excerpt":{"rendered":"<p>Un miembro de la Iglesia griega, una vez se dirigi\u00f3 a m\u00ed con las siguientes palabras: &#8211; &#8220;\u00bfSabes por qu\u00e9 ya no tienes un rey de tu propio pueblo? Es porque has rechazado la fe de Jesucristo y Su reino, porque \u00c9l era el rey de Israel. Por este motivo, el imperio de Israel ha [&hellip;]<\/p>\n","protected":false},"author":1,"featured_media":0,"parent":0,"menu_order":0,"comment_status":"closed","ping_status":"closed","template":"","meta":{"footnotes":""},"class_list":["post-63","page","type-page","status-publish","hentry"],"_links":{"self":[{"href":"https:\/\/www.judaismocaraita.org\/troki\/wp-json\/wp\/v2\/pages\/63","targetHints":{"allow":["GET"]}}],"collection":[{"href":"https:\/\/www.judaismocaraita.org\/troki\/wp-json\/wp\/v2\/pages"}],"about":[{"href":"https:\/\/www.judaismocaraita.org\/troki\/wp-json\/wp\/v2\/types\/page"}],"author":[{"embeddable":true,"href":"https:\/\/www.judaismocaraita.org\/troki\/wp-json\/wp\/v2\/users\/1"}],"replies":[{"embeddable":true,"href":"https:\/\/www.judaismocaraita.org\/troki\/wp-json\/wp\/v2\/comments?post=63"}],"version-history":[{"count":0,"href":"https:\/\/www.judaismocaraita.org\/troki\/wp-json\/wp\/v2\/pages\/63\/revisions"}],"wp:attachment":[{"href":"https:\/\/www.judaismocaraita.org\/troki\/wp-json\/wp\/v2\/media?parent=63"}],"curies":[{"name":"wp","href":"https:\/\/api.w.org\/{rel}","templated":true}]}}