{"id":456,"date":"2023-01-10T01:50:31","date_gmt":"2023-01-10T01:50:31","guid":{"rendered":"https:\/\/leydemoises.org\/fe\/?page_id=456"},"modified":"2023-01-10T01:50:31","modified_gmt":"2023-01-10T01:50:31","slug":"80-palabras-de-dios-a-traves-de-moises-en-deuteronomio-3014-mal-interpretadas-por-pablo","status":"publish","type":"page","link":"https:\/\/www.judaismocaraita.org\/troki\/80-palabras-de-dios-a-traves-de-moises-en-deuteronomio-3014-mal-interpretadas-por-pablo\/","title":{"rendered":"80. Palabras de Dios a trav\u00e9s de Mois\u00e9s en Deuteronomio 30:14 mal interpretadas por Pablo"},"content":{"rendered":"<p class=\"CDt4Ke zfr3Q\" dir=\"ltr\">Romanos 10: 6-9 , &#8220;No digas en tu coraz\u00f3n: \u00bfQui\u00e9n subir\u00e1 al cielo? (Es decir, para hacer descender a Cristo! De arriba); o, \u00bfQui\u00e9n descender\u00e1 al abismo? (Es decir, para hacer subir a Cristo). otra vez de entre los muertos). Pero, \u00bfQu\u00e9 dice (a saber, Escritura)? Cerca de ti est\u00e1 la palabra, en tu boca y en tu coraz\u00f3n, es decir, la palabra de fe que predicamos: que si confesaras con tu boca el Se\u00f1or Jes\u00fas, y creer\u00e1s en tu coraz\u00f3n que Dios lo levant\u00f3 de los muertos, ser\u00e1s salvo. &#8220;<\/p>\n<p class=\"CDt4Ke zfr3Q\" dir=\"ltr\">Si aquellos a quienes Pablo estaba predicando se hubieran referido al cap\u00edtulo treinta de Deuteronomio, vers\u00edculo 14 , podr\u00edan haber percibido que el Ap\u00f3stol malinterpret\u00f3 las palabras de Mois\u00e9s. Esa parte de nuestra ley nos dice simplemente que est\u00e1 al alcance de todo hombre arrepentirse y obtener misericordia y perd\u00f3n.<\/p>\n<p class=\"CDt4Ke zfr3Q\" dir=\"ltr\">Nuestro legislador habiendo hablado en t\u00e9rminos generales, &#8220;Si te vuelves al Se\u00f1or tu Dios, con todo tu coraz\u00f3n y con toda tu alma&#8221;, etc., contin\u00faa diciendo, (Deuteronomio 30:11 ) &#8220;Por el mandamiento que doy este d\u00eda no te est\u00e1 oculto, ni est\u00e1 demasiado lejano. No es en el cielo donde puedes decir: \u00bfQui\u00e9n subir\u00e1 al cielo por nosotros y nos lo traer\u00e1 para que lo practiquemos? etc.<\/p>\n<p class=\"CDt4Ke zfr3Q\" dir=\"ltr\">Habiendo demostrado que la naturaleza del don de la misericordia se pone en yuxtaposici\u00f3n con la facilidad de adquirirla, podemos comprender la expresi\u00f3n: &#8220;Este asunto est\u00e1 muy cerca de ti, est\u00e1 en tu coraz\u00f3n y en tu boca donde t\u00fa puede hacerlo &#8220;.<\/p>\n","protected":false},"excerpt":{"rendered":"<p>Romanos 10: 6-9 , &#8220;No digas en tu coraz\u00f3n: \u00bfQui\u00e9n subir\u00e1 al cielo? (Es decir, para hacer descender a Cristo! De arriba); o, \u00bfQui\u00e9n descender\u00e1 al abismo? (Es decir, para hacer subir a Cristo). otra vez de entre los muertos). Pero, \u00bfQu\u00e9 dice (a saber, Escritura)? Cerca de ti est\u00e1 la palabra, en tu boca [&hellip;]<\/p>\n","protected":false},"author":1,"featured_media":0,"parent":0,"menu_order":0,"comment_status":"closed","ping_status":"closed","template":"","meta":{"footnotes":""},"class_list":["post-456","page","type-page","status-publish","hentry"],"_links":{"self":[{"href":"https:\/\/www.judaismocaraita.org\/troki\/wp-json\/wp\/v2\/pages\/456","targetHints":{"allow":["GET"]}}],"collection":[{"href":"https:\/\/www.judaismocaraita.org\/troki\/wp-json\/wp\/v2\/pages"}],"about":[{"href":"https:\/\/www.judaismocaraita.org\/troki\/wp-json\/wp\/v2\/types\/page"}],"author":[{"embeddable":true,"href":"https:\/\/www.judaismocaraita.org\/troki\/wp-json\/wp\/v2\/users\/1"}],"replies":[{"embeddable":true,"href":"https:\/\/www.judaismocaraita.org\/troki\/wp-json\/wp\/v2\/comments?post=456"}],"version-history":[{"count":0,"href":"https:\/\/www.judaismocaraita.org\/troki\/wp-json\/wp\/v2\/pages\/456\/revisions"}],"wp:attachment":[{"href":"https:\/\/www.judaismocaraita.org\/troki\/wp-json\/wp\/v2\/media?parent=456"}],"curies":[{"name":"wp","href":"https:\/\/api.w.org\/{rel}","templated":true}]}}