{"id":411,"date":"2023-01-10T01:30:26","date_gmt":"2023-01-10T01:30:26","guid":{"rendered":"https:\/\/leydemoises.org\/fe\/?page_id=411"},"modified":"2023-01-10T01:30:26","modified_gmt":"2023-01-10T01:30:26","slug":"65-la-ironia-de-la-incredulidad-moderna-en-la-hechiceria-junto-con-historias-de-la-misma-en-nt","status":"publish","type":"page","link":"https:\/\/www.judaismocaraita.org\/troki\/65-la-ironia-de-la-incredulidad-moderna-en-la-hechiceria-junto-con-historias-de-la-misma-en-nt\/","title":{"rendered":"65. La iron\u00eda de la incredulidad moderna en la hechicer\u00eda junto con historias de la misma en NT"},"content":{"rendered":"<p class=\"CDt4Ke zfr3Q\" dir=\"ltr\">Hechos 8: 9-11 , &#8220;Hab\u00eda un hombre llamado Sim\u00f3n, que antes de tiempo en la misma ciudad, usaba hechicer\u00eda y hechizaba al pueblo de Samaria, dando a conocer que \u00e9l era un gran hombre, a quien todos escuchaban desde el menor al mayor, diciendo: Este es el gran poder de Dios, ya \u00e9l le ten\u00edan respeto, porque los hab\u00eda embrujado durante mucho tiempo con hechicer\u00edas &#8220;.<\/p>\n<p class=\"CDt4Ke zfr3Q\" dir=\"ltr\">En los d\u00edas en que abundaban la credulidad y la superstici\u00f3n, y se consideraba que las hechiceras eran mensajeras inspiradas del Todopoderoso, era f\u00e1cil inculcar la creencia de que el hijo de una mujer era una deidad encarnada, pero en una \u00e9poca en la que la brujer\u00eda est\u00e1 desacreditada y desalentada la superstici\u00f3n, es extra\u00f1o que se inculque tal creencia, y que los hombres intenten convertir a los jud\u00edos a las doctrinas inconsistentes que a\u00fan prevalecen, que Jes\u00fas era un Dios en la tierra.<\/p>\n","protected":false},"excerpt":{"rendered":"<p>Hechos 8: 9-11 , &#8220;Hab\u00eda un hombre llamado Sim\u00f3n, que antes de tiempo en la misma ciudad, usaba hechicer\u00eda y hechizaba al pueblo de Samaria, dando a conocer que \u00e9l era un gran hombre, a quien todos escuchaban desde el menor al mayor, diciendo: Este es el gran poder de Dios, ya \u00e9l le ten\u00edan [&hellip;]<\/p>\n","protected":false},"author":1,"featured_media":0,"parent":0,"menu_order":0,"comment_status":"closed","ping_status":"closed","template":"","meta":{"footnotes":""},"class_list":["post-411","page","type-page","status-publish","hentry"],"_links":{"self":[{"href":"https:\/\/www.judaismocaraita.org\/troki\/wp-json\/wp\/v2\/pages\/411","targetHints":{"allow":["GET"]}}],"collection":[{"href":"https:\/\/www.judaismocaraita.org\/troki\/wp-json\/wp\/v2\/pages"}],"about":[{"href":"https:\/\/www.judaismocaraita.org\/troki\/wp-json\/wp\/v2\/types\/page"}],"author":[{"embeddable":true,"href":"https:\/\/www.judaismocaraita.org\/troki\/wp-json\/wp\/v2\/users\/1"}],"replies":[{"embeddable":true,"href":"https:\/\/www.judaismocaraita.org\/troki\/wp-json\/wp\/v2\/comments?post=411"}],"version-history":[{"count":0,"href":"https:\/\/www.judaismocaraita.org\/troki\/wp-json\/wp\/v2\/pages\/411\/revisions"}],"wp:attachment":[{"href":"https:\/\/www.judaismocaraita.org\/troki\/wp-json\/wp\/v2\/media?parent=411"}],"curies":[{"name":"wp","href":"https:\/\/api.w.org\/{rel}","templated":true}]}}