{"id":390,"date":"2023-01-09T07:21:34","date_gmt":"2023-01-09T07:21:34","guid":{"rendered":"https:\/\/leydemoises.org\/fe\/?page_id=390"},"modified":"2023-01-09T07:21:34","modified_gmt":"2023-01-09T07:21:34","slug":"58-jesus-vuelve-a-admitir-que-no-es-dios","status":"publish","type":"page","link":"https:\/\/www.judaismocaraita.org\/troki\/58-jesus-vuelve-a-admitir-que-no-es-dios\/","title":{"rendered":"58. Jes\u00fas vuelve a admitir que no es Dios"},"content":{"rendered":"<p class=\"CDt4Ke zfr3Q\" dir=\"ltr\">Juan 20:17 , &#8220;Jes\u00fas le dijo [Mar\u00eda Magdalena]: No me toques, porque a\u00fan no he subido a mi Padre; pero ve a mis hermanos y diles: Subo a mi Padre y a vuestro Padre, y a mi Dios y tu Dios. &#8220;<\/p>\n<p class=\"CDt4Ke zfr3Q\" dir=\"ltr\">Jes\u00fas mostr\u00f3 aqu\u00ed claramente que \u00e9l no era Dios, sino que estaba en la misma sujeci\u00f3n a Dios que sus hermanos.<\/p>\n<p class=\"CDt4Ke zfr3Q\" dir=\"ltr\">Por lo tanto, no se puede afirmar con la autoridad de este pasaje, que Jes\u00fas quiso decir algo m\u00e1s al llamarse a s\u00ed mismo &#8220;el Hijo de Dios&#8221;, de lo que las Santas Escrituras indican en pasajes como Deuteronomio 14: 1 , &#8220;Vosotros sois hijos del Se\u00f1or tu Dios.&#8221; La expresi\u00f3n &#8220;Hijo de Dios&#8221; no tiene la menor referencia a un Ser sobrehumano.<\/p>\n","protected":false},"excerpt":{"rendered":"<p>Juan 20:17 , &#8220;Jes\u00fas le dijo [Mar\u00eda Magdalena]: No me toques, porque a\u00fan no he subido a mi Padre; pero ve a mis hermanos y diles: Subo a mi Padre y a vuestro Padre, y a mi Dios y tu Dios. &#8220; Jes\u00fas mostr\u00f3 aqu\u00ed claramente que \u00e9l no era Dios, sino que estaba en [&hellip;]<\/p>\n","protected":false},"author":1,"featured_media":0,"parent":0,"menu_order":0,"comment_status":"closed","ping_status":"closed","template":"","meta":{"footnotes":""},"class_list":["post-390","page","type-page","status-publish","hentry"],"_links":{"self":[{"href":"https:\/\/www.judaismocaraita.org\/troki\/wp-json\/wp\/v2\/pages\/390","targetHints":{"allow":["GET"]}}],"collection":[{"href":"https:\/\/www.judaismocaraita.org\/troki\/wp-json\/wp\/v2\/pages"}],"about":[{"href":"https:\/\/www.judaismocaraita.org\/troki\/wp-json\/wp\/v2\/types\/page"}],"author":[{"embeddable":true,"href":"https:\/\/www.judaismocaraita.org\/troki\/wp-json\/wp\/v2\/users\/1"}],"replies":[{"embeddable":true,"href":"https:\/\/www.judaismocaraita.org\/troki\/wp-json\/wp\/v2\/comments?post=390"}],"version-history":[{"count":0,"href":"https:\/\/www.judaismocaraita.org\/troki\/wp-json\/wp\/v2\/pages\/390\/revisions"}],"wp:attachment":[{"href":"https:\/\/www.judaismocaraita.org\/troki\/wp-json\/wp\/v2\/media?parent=390"}],"curies":[{"name":"wp","href":"https:\/\/api.w.org\/{rel}","templated":true}]}}