{"id":372,"date":"2023-01-09T07:16:31","date_gmt":"2023-01-09T07:16:31","guid":{"rendered":"https:\/\/leydemoises.org\/fe\/?page_id=372"},"modified":"2023-01-09T07:16:31","modified_gmt":"2023-01-09T07:16:31","slug":"52-los-ejemplos-de-unidad-de-jesus-contradicen-el-concepto-de-la-trinidad-o-incluyen-a-los-apostoles","status":"publish","type":"page","link":"https:\/\/www.judaismocaraita.org\/troki\/52-los-ejemplos-de-unidad-de-jesus-contradicen-el-concepto-de-la-trinidad-o-incluyen-a-los-apostoles\/","title":{"rendered":"52. Los ejemplos de unidad de Jes\u00fas contradicen el concepto de la Trinidad o incluyen a los ap\u00f3stoles"},"content":{"rendered":"<p class=\"CDt4Ke zfr3Q\" dir=\"ltr\">Juan 10:38 , &#8220;para que sep\u00e1is y cre\u00e1is que el Padre est\u00e1 en m\u00ed y yo en \u00e9l&#8221;. Lo mismo se repite en el cap\u00edtulo 14:11 . En el cap\u00edtulo 17:21 , se dice: &#8220;Para que todos sean uno, como t\u00fa, oh Padre, en m\u00ed y yo en ti, que tambi\u00e9n ellos sean uno en nosotros; para que el mundo crea que t\u00fa has enviado yo. Y la gloria que me diste, yo les he dado, para que sean uno as\u00ed como nosotros somos uno. Yo en ellos, y t\u00fa en m\u00ed, para que sean perfectos en uno, etc.<\/p>\n<p class=\"CDt4Ke zfr3Q\" dir=\"ltr\">La uni\u00f3n de Padre e Hijo tambi\u00e9n se confiere a los doce ap\u00f3stoles. Por tanto, si los cristianos pensaban que era necesario cambiar su fe en la unidad divina, no ten\u00edan justificaci\u00f3n para adoptar el t\u00e9rmino &#8220;Trinidad&#8221;, ya que los doce ap\u00f3stoles est\u00e1n colocados en igualdad con Jes\u00fas, y podr\u00edan, con la misma latitud. de argumento, estar bien incluido en la coalici\u00f3n de personajes divinos.<\/p>\n","protected":false},"excerpt":{"rendered":"<p>Juan 10:38 , &#8220;para que sep\u00e1is y cre\u00e1is que el Padre est\u00e1 en m\u00ed y yo en \u00e9l&#8221;. Lo mismo se repite en el cap\u00edtulo 14:11 . En el cap\u00edtulo 17:21 , se dice: &#8220;Para que todos sean uno, como t\u00fa, oh Padre, en m\u00ed y yo en ti, que tambi\u00e9n ellos sean uno en [&hellip;]<\/p>\n","protected":false},"author":1,"featured_media":0,"parent":0,"menu_order":0,"comment_status":"closed","ping_status":"closed","template":"","meta":{"footnotes":""},"class_list":["post-372","page","type-page","status-publish","hentry"],"_links":{"self":[{"href":"https:\/\/www.judaismocaraita.org\/troki\/wp-json\/wp\/v2\/pages\/372","targetHints":{"allow":["GET"]}}],"collection":[{"href":"https:\/\/www.judaismocaraita.org\/troki\/wp-json\/wp\/v2\/pages"}],"about":[{"href":"https:\/\/www.judaismocaraita.org\/troki\/wp-json\/wp\/v2\/types\/page"}],"author":[{"embeddable":true,"href":"https:\/\/www.judaismocaraita.org\/troki\/wp-json\/wp\/v2\/users\/1"}],"replies":[{"embeddable":true,"href":"https:\/\/www.judaismocaraita.org\/troki\/wp-json\/wp\/v2\/comments?post=372"}],"version-history":[{"count":0,"href":"https:\/\/www.judaismocaraita.org\/troki\/wp-json\/wp\/v2\/pages\/372\/revisions"}],"wp:attachment":[{"href":"https:\/\/www.judaismocaraita.org\/troki\/wp-json\/wp\/v2\/media?parent=372"}],"curies":[{"name":"wp","href":"https:\/\/api.w.org\/{rel}","templated":true}]}}