{"id":351,"date":"2023-01-09T07:09:08","date_gmt":"2023-01-09T07:09:08","guid":{"rendered":"https:\/\/leydemoises.org\/fe\/?page_id=351"},"modified":"2023-01-09T07:09:08","modified_gmt":"2023-01-09T07:09:08","slug":"45-los-propios-hermanos-de-jesus-no-creyeron-en-el-por-que-deberiamos-nosotros","status":"publish","type":"page","link":"https:\/\/www.judaismocaraita.org\/troki\/45-los-propios-hermanos-de-jesus-no-creyeron-en-el-por-que-deberiamos-nosotros\/","title":{"rendered":"45. Los propios hermanos de Jes\u00fas no creyeron en \u00e9l, \u00bfpor qu\u00e9 deber\u00edamos nosotros?"},"content":{"rendered":"<p>Juan 7: 5 , &#8220;Porque ni sus hermanos creyeron en \u00e9l&#8221;. Si sus propios hermanos, hombres de la misma carne y sangre, y los jueces m\u00e1s cercanos de los poderes que se le atribu\u00edan, no sintieron ning\u00fan incentivo para admitir sus pretensiones; Seguramente los jud\u00edos podemos ser excusados \u200b\u200bpor desacreditar lo que sus propios contempor\u00e1neos y hermanos rechazaron por incre\u00edble.<\/p>\n","protected":false},"excerpt":{"rendered":"<p>Juan 7: 5 , &#8220;Porque ni sus hermanos creyeron en \u00e9l&#8221;. Si sus propios hermanos, hombres de la misma carne y sangre, y los jueces m\u00e1s cercanos de los poderes que se le atribu\u00edan, no sintieron ning\u00fan incentivo para admitir sus pretensiones; Seguramente los jud\u00edos podemos ser excusados \u200b\u200bpor desacreditar lo que sus propios contempor\u00e1neos [&hellip;]<\/p>\n","protected":false},"author":1,"featured_media":0,"parent":0,"menu_order":0,"comment_status":"closed","ping_status":"closed","template":"","meta":{"footnotes":""},"class_list":["post-351","page","type-page","status-publish","hentry"],"_links":{"self":[{"href":"https:\/\/www.judaismocaraita.org\/troki\/wp-json\/wp\/v2\/pages\/351","targetHints":{"allow":["GET"]}}],"collection":[{"href":"https:\/\/www.judaismocaraita.org\/troki\/wp-json\/wp\/v2\/pages"}],"about":[{"href":"https:\/\/www.judaismocaraita.org\/troki\/wp-json\/wp\/v2\/types\/page"}],"author":[{"embeddable":true,"href":"https:\/\/www.judaismocaraita.org\/troki\/wp-json\/wp\/v2\/users\/1"}],"replies":[{"embeddable":true,"href":"https:\/\/www.judaismocaraita.org\/troki\/wp-json\/wp\/v2\/comments?post=351"}],"version-history":[{"count":0,"href":"https:\/\/www.judaismocaraita.org\/troki\/wp-json\/wp\/v2\/pages\/351\/revisions"}],"wp:attachment":[{"href":"https:\/\/www.judaismocaraita.org\/troki\/wp-json\/wp\/v2\/media?parent=351"}],"curies":[{"name":"wp","href":"https:\/\/api.w.org\/{rel}","templated":true}]}}

45. Los propios hermanos de Jesús no creyeron en él, ¿por qué deberíamos nosotros?

<p>Juan 7: 5 , &#8220;Porque ni sus hermanos creyeron en él&#8221;. Si sus propios hermanos, hombres de la misma carne y sangre, y los jueces más cercanos de los poderes que se le atribuían, no sintieron ningún incentivo para admitir sus pretensiones; Seguramente los judíos podemos ser excusados ​​por desacreditar lo que sus propios contemporáneos y hermanos rechazaron por increíble.</p>

<p>Juan 7: 5 , &#8220;Porque ni sus hermanos creyeron en él&#8221;. Si sus propios hermanos, hombres de la misma carne y sangre, y los jueces más cercanos de los poderes que se le atribuían, no sintieron ningún incentivo para admitir sus pretensiones; Seguramente los judíos podemos ser excusados ​​por desacreditar lo que sus propios contemporáneos [&hellip;]</p>
