{"id":233,"date":"2023-01-09T06:20:45","date_gmt":"2023-01-09T06:20:45","guid":{"rendered":"https:\/\/leydemoises.org\/fe\/?page_id=233"},"modified":"2023-01-09T06:20:45","modified_gmt":"2023-01-09T06:20:45","slug":"7-la-tentacion-de-jesus","status":"publish","type":"page","link":"https:\/\/www.judaismocaraita.org\/troki\/7-la-tentacion-de-jesus\/","title":{"rendered":"7. La tentaci\u00f3n de Jes\u00fas"},"content":{"rendered":"<p class=\"CDt4Ke zfr3Q\" dir=\"ltr\">Mateo 4: 1-11El diablo lo llev\u00f3 a un monte muy alto, y le mostr\u00f3 todos los reinos del mundo y la gloria de ellos, y le dijo: Todo esto te dar\u00e9, si postrado me adorares. Entonces Jes\u00fas le dijo: Vete, Satan\u00e1s; porque escrito est\u00e1: Al Se\u00f1or tu Dios adorar\u00e1s, ya \u00e9l solo servir\u00e1s \u201d.<\/p>\n<p class=\"CDt4Ke zfr3Q\" dir=\"ltr\">El mismo tema ocurre en Lucas 4: 1-13. El lector ciertamente debe percibir por esta narraci\u00f3n que el Jes\u00fas tentado por Satan\u00e1s, no tiene la intenci\u00f3n de pasar por un Dios encarnado. Porque, \u00bfpuede alg\u00fan hombre, en su sano juicio, suponer que Satan\u00e1s se hubiera atrevido a tentar a alguien que sab\u00eda que era un Dios? \u00bfO puede imaginarse que se hubiera atrevido, como criatura, a apartarlo por la fuerza contra su voluntad? La raz\u00f3n retrocede ante tal creencia.<\/p>\n","protected":false},"excerpt":{"rendered":"<p>Mateo 4: 1-11El diablo lo llev\u00f3 a un monte muy alto, y le mostr\u00f3 todos los reinos del mundo y la gloria de ellos, y le dijo: Todo esto te dar\u00e9, si postrado me adorares. Entonces Jes\u00fas le dijo: Vete, Satan\u00e1s; porque escrito est\u00e1: Al Se\u00f1or tu Dios adorar\u00e1s, ya \u00e9l solo servir\u00e1s \u201d. El [&hellip;]<\/p>\n","protected":false},"author":1,"featured_media":0,"parent":0,"menu_order":0,"comment_status":"closed","ping_status":"closed","template":"","meta":{"footnotes":""},"class_list":["post-233","page","type-page","status-publish","hentry"],"_links":{"self":[{"href":"https:\/\/www.judaismocaraita.org\/troki\/wp-json\/wp\/v2\/pages\/233","targetHints":{"allow":["GET"]}}],"collection":[{"href":"https:\/\/www.judaismocaraita.org\/troki\/wp-json\/wp\/v2\/pages"}],"about":[{"href":"https:\/\/www.judaismocaraita.org\/troki\/wp-json\/wp\/v2\/types\/page"}],"author":[{"embeddable":true,"href":"https:\/\/www.judaismocaraita.org\/troki\/wp-json\/wp\/v2\/users\/1"}],"replies":[{"embeddable":true,"href":"https:\/\/www.judaismocaraita.org\/troki\/wp-json\/wp\/v2\/comments?post=233"}],"version-history":[{"count":0,"href":"https:\/\/www.judaismocaraita.org\/troki\/wp-json\/wp\/v2\/pages\/233\/revisions"}],"wp:attachment":[{"href":"https:\/\/www.judaismocaraita.org\/troki\/wp-json\/wp\/v2\/media?parent=233"}],"curies":[{"name":"wp","href":"https:\/\/api.w.org\/{rel}","templated":true}]}}