{"id":173,"date":"2023-01-09T05:54:29","date_gmt":"2023-01-09T05:54:29","guid":{"rendered":"https:\/\/leydemoises.org\/fe\/?page_id=173"},"modified":"2023-01-09T05:54:29","modified_gmt":"2023-01-09T05:54:29","slug":"39-juan-el-bautista-el-nuevo-elias-que-procede-del-mesias-malaquias-323-24","status":"publish","type":"page","link":"https:\/\/www.judaismocaraita.org\/troki\/39-juan-el-bautista-el-nuevo-elias-que-procede-del-mesias-malaquias-323-24\/","title":{"rendered":"39. \u00bfJuan el Bautista, el nuevo El\u00edas que procede del Mes\u00edas? (Malaqu\u00edas 3:23-24)"},"content":{"rendered":"<p class=\"CDt4Ke zfr3Q\" dir=\"ltr\">Malaqu\u00edas, al final del libro (cap\u00edtulo 3:23, o 4: 5 en la Biblia cristiana), dice : &#8220;He aqu\u00ed, os enviar\u00e9 al profeta El\u00edas antes de la venida del d\u00eda grande y terrible&#8221;.<\/p>\n<p class=\"CDt4Ke zfr3Q\" dir=\"ltr\">Los int\u00e9rpretes cristianos de este pasaje han afirmado que los jud\u00edos esperamos en vano el cumplimiento de esta predicci\u00f3n, porque ya se ha realizado en la persona de Juan el Bautista, que en esp\u00edritu era igual a El\u00edas; se dice en Mateo 11:10 , que Jes\u00fas declar\u00f3 que Juan era el El\u00edas predicho por Malaqu\u00edas. En particular, ubican el cap\u00edtulo 17 de Mateo, donde se hace que Jes\u00fas afirme ( vers\u00edculos 12 y 13 ): &#8220;Pero yo os digo que El\u00edas ya ha venido, y no le conocen, pero le han hecho todo lo que quisieron&#8221;. As\u00ed, sus disc\u00edpulos fueron inducidos a creer que El\u00edas y Juan eran id\u00e9nticos en la profec\u00eda anterior.<\/p>\n<p class=\"CDt4Ke zfr3Q\" dir=\"ltr\">Refutaci\u00f3n. \u00bfC\u00f3mo pueden negar la identidad personal del Profeta, mencionado en el cap\u00edtulo 3:23? \u00bfQui\u00e9n se atrever\u00eda a afirmar que cualquier otra persona tiene un significado que no sea el verdadero profeta El\u00edas, una verdad igualmente manifiesta en los siguientes pasajes: 1 Reyes 18:21 , &#8220;Y El\u00edas se acerc\u00f3&#8221;. &#8211; 2 Cr\u00f3nicas 21:12, &#8220;Y le lleg\u00f3 una escritura del profeta El\u00edas&#8221;. Si la profec\u00eda en consideraci\u00f3n hubiera hecho referencia a un individuo indefinido, se habr\u00eda comunicado en t\u00e9rminos como los siguientes: &#8220;He aqu\u00ed, enviar\u00e9 a un hombre como el profeta El\u00edas&#8221;. Adem\u00e1s, podr\u00eda haber dicho, en t\u00e9rminos que no podr\u00edan haber dejado de producir convicci\u00f3n: &#8220;He aqu\u00ed, te enviar\u00e9 a Juan&#8221;. \u00bfQu\u00e9 necesidad hab\u00eda de haberlo llamado El\u00edas? Nuestro argumento gana fuerza por las mismas declaraciones contenidas en el evangelio de Juan 1:21 , &#8220;Y le preguntaron [a Juan], \u00bfqu\u00e9, pues, eres t\u00fa El\u00edas para [El\u00edas], y \u00e9l dijo: No lo soy&#8221;. &#8211; &#8220;\u00bfEres t\u00fa ese profeta? Y \u00e9l respondi\u00f3 que no&#8221;. Al comparar este pasaje con una afirmaci\u00f3n hecha en Mateo, encontramos una contradicci\u00f3n m\u00e1s flagrante en los dos evangelios.&#8221;Y sus disc\u00edpulos le preguntaron [a Jes\u00fas], diciendo: \u00bfPor qu\u00e9, pues, dicen los escribas que El\u00edas [El\u00edas] es necesario que venga primero? Y Jes\u00fas respondi\u00f3 y les dijo: El\u00edas [El\u00edas] vendr\u00e1 primero y restaurar\u00e1 todas las cosas. Pero Os digo que El\u00edas [El\u00edas], ya ha venido, y no le conocieron, pero hicieron con \u00e9l todo lo que quisieron; as\u00ed tambi\u00e9n el Hijo del Hombre padecer\u00e1 por ellos. Entonces los disc\u00edpulos entendieron que les hablaba de Juan el Bautista.&#8221; Es absolutamente innecesario ilustrar otras expresiones similares que lleven tan visiblemente el sello de la invenci\u00f3n humana; y estamos completamente preparados para estimar el valor de la interpretaci\u00f3n dada a esta discrepancia por los comentaristas cristianos, quienes sostienen que Juan declin\u00f3 el t\u00edtulo de &#8220;Profeta El\u00edas&#8221; por pura humildad. La humildad no nos permitir\u00e1 pronunciar una falsedad intencionada para establecer nuestra superioridad. Los profetas fieles han declarado abiertamente sus misiones y el objeto de su aparici\u00f3n ante el mundo. Rechazamos, por tanto, la afirmaci\u00f3n de la interpretaci\u00f3n cristiana como totalmente insatisfactoria e infundada.<\/p>\n","protected":false},"excerpt":{"rendered":"<p>Malaqu\u00edas, al final del libro (cap\u00edtulo 3:23, o 4: 5 en la Biblia cristiana), dice : &#8220;He aqu\u00ed, os enviar\u00e9 al profeta El\u00edas antes de la venida del d\u00eda grande y terrible&#8221;. Los int\u00e9rpretes cristianos de este pasaje han afirmado que los jud\u00edos esperamos en vano el cumplimiento de esta predicci\u00f3n, porque ya se ha [&hellip;]<\/p>\n","protected":false},"author":1,"featured_media":0,"parent":0,"menu_order":0,"comment_status":"closed","ping_status":"closed","template":"","meta":{"footnotes":""},"class_list":["post-173","page","type-page","status-publish","hentry"],"_links":{"self":[{"href":"https:\/\/www.judaismocaraita.org\/troki\/wp-json\/wp\/v2\/pages\/173","targetHints":{"allow":["GET"]}}],"collection":[{"href":"https:\/\/www.judaismocaraita.org\/troki\/wp-json\/wp\/v2\/pages"}],"about":[{"href":"https:\/\/www.judaismocaraita.org\/troki\/wp-json\/wp\/v2\/types\/page"}],"author":[{"embeddable":true,"href":"https:\/\/www.judaismocaraita.org\/troki\/wp-json\/wp\/v2\/users\/1"}],"replies":[{"embeddable":true,"href":"https:\/\/www.judaismocaraita.org\/troki\/wp-json\/wp\/v2\/comments?post=173"}],"version-history":[{"count":0,"href":"https:\/\/www.judaismocaraita.org\/troki\/wp-json\/wp\/v2\/pages\/173\/revisions"}],"wp:attachment":[{"href":"https:\/\/www.judaismocaraita.org\/troki\/wp-json\/wp\/v2\/media?parent=173"}],"curies":[{"name":"wp","href":"https:\/\/api.w.org\/{rel}","templated":true}]}}